r - k. Calculate the greatest common factor of 5 and s.
5
Suppose -2*k = k + 9. Let y be 22*k*2/(-3). Calculate the highest common divisor of y and 22.
22
Let m(r) = r**2 - 8*r - 4. Let a be m(11). Calculate the highest common divisor of a and 261.
29
Suppose -v = -50 - 14. Suppose 4*l = -8 + v. What is the greatest common factor of 28 and l?
14
Let m(v) = 3*v - v**3 + 4 + 2 + 0*v**2 + 3*v**2 - 2. Let y be m(3). What is the highest common factor of y and 26?
13
Suppose -191 - 151 = -z. Calculate the greatest common factor of 38 and z.
38
Suppose 6*x - x + k = 196, -40 = -x - k. Calculate the highest common factor of 13 and x.
13
Suppose -4*u + 102 = 10. Calculate the highest common factor of 23 and u.
23
Let g = 215 + -116. Suppose 0 = -5*i + 61 + g. What is the greatest common factor of 48 and i?
16
Let r be (1 - -1) + (-120)/(-6). Suppose -8 = -2*f - 2*f. Suppose 2*y = 3*m + 107, 0*m = -f*y + 5*m + 105. What is the greatest common factor of y and r?
11
Suppose -3*g + v - 6 = 4*v, -36 = 3*g - 3*v. Let r = 13 + g. Let f(n) = -4*n - 2. Let j be f(-5). Calculate the highest common factor of j and r.
6
Suppose -137 = -l + 8. Let u = l + -79. What is the greatest common divisor of u and 22?
22
Let n(a) = -a**2 + 6*a - 4. Let o be n(4). Suppose -4*j - o = -36. What is the highest common divisor of j and 24?
8
Let h = 4 + -3. Let y be h - 58*1/(-2). Let b be (-358)/(-8) - (-2)/8. What is the highest common factor of b and y?
15
Let o be (18/5*2)/((-1)/(-20)). What is the greatest common factor of o and 16?
16
Let z be (58/(-2) + -4)/(-1). Let o(v) = -4*v - 1. Let n be o(-1). What is the highest common divisor of n and z?
3
Suppose 5*w + 58 - 885 = 2*c, 2*c = 3*w - 497. Suppose n + 0*n = w. What is the greatest common divisor of n and 15?
15
Let a = -2 + 21. Calculate the greatest common factor of a and 76.
19
Let q = -3 - 0. Let t be -1*q/6*48. Calculate the highest common factor of 3 and t.
3
Let s(z) = -2*z - 1. Let o be s(2). Let b(l) = -2*l**3 - 5*l**2 + 4*l + 5. Let x be b(o). What is the greatest common factor of x and 10?
10
Suppose -5*m + 406 = -n, 2*m - 172 = -4*n - 14. Let q = m - 56. Suppose 3*y = -2*y + 50. What is the greatest common divisor of y and q?
5
Let c(l) = -l**2 + 7*l - 8. Let h be c(6). Let i = h - -15. Suppose -3*d + 1 = i, 0 = -2*x + 4*d + 20. What is the highest common factor of 22 and x?
2
Let n = 29 + 3. What is the greatest common factor of 8 and n?
8
Let r(m) = -13*m - 36. Let p be r(-4). What is the greatest common divisor of 8 and p?
8
Let c(n) be the first derivative of -n**3/3 + 5*n**2/2 + 6*n - 2. Let o be c(5). Calculate the highest common factor of 30 and o.
6
Let n = -3 + 2. Let f(p) = 26*p**2 - p - 1. Let s be f(n). Calculate the greatest common factor of 65 and s.
13
Let y(q) = q**3 + 9*q**2 - 2*q - 4. Let x be y(-7). What is the highest common divisor of 12 and x?
12
Let h = -22 - -70. Suppose f + h = 2*f. Suppose -3*k = -0*a - 4*a + 39, -a = -k - 11. Calculate the greatest common factor of f and a.
6
Suppose -f + 4*h + 52 = 0, 2*h + 42 = -4*f + 160. What is the greatest common factor of 4 and f?
4
Let q = -60 + 116. What is the highest common divisor of 8 and q?
8
Let o be (-2)/(-5) - 9/(-15). What is the greatest common factor of 1 and o?
1
Suppose -d + 15 + 1 = 0. Calculate the greatest common factor of 48 and d.
16
Let r(y) = -y + 2. Let o be r(0). Suppose 41 = o*l + 5*x, -l + 1 + 9 = -x. Calculate the highest common factor of l and 143.
13
Suppose -2 = -b + v + 4, 5*b - 33 = 2*v. Let s be (-2)/7 + 240/b. Let k = s - 21. Calculate the greatest common divisor of k and 39.
13
Suppose -5*n + 20 = -2*l + 3, -n + 2 = l. Let j = n + 2. Suppose 0 = -5*h + j. What is the greatest common factor of 2 and h?
1
Let m(h) = h**2 + 11*h + 8. Let u be m(-11). Suppose 0 = -4*w + 296 - 72. What is the highest common divisor of u and w?
8
Suppose 8 = 4*r - 4. Suppose c = u - 2*u + 4, u + 2*c = r. What is the highest common factor of 2 and u?
1
Suppose 0 = -5*k + 3*k + 6. Calculate the greatest common factor of k and 24.
3
Suppose 3*s = -5*q + 118, s + 4 = 5*s. Let k = -12 + q. Calculate the greatest common factor of 11 and k.
11
Let d(j) = 3*j**2 - 2*j - 3. Let q be d(3). Let n = 76 + -22. What is the highest common factor of n and q?
18
Suppose -55 + 235 = 6*r. Suppose -5*c - 8 = -j - 63, -4*c = -4*j - 60. Calculate the greatest common factor of c and r.
10
Let c(b) = -b**3 + 13*b**2 - 15*b. Let u be c(11). Let y(r) = r + 6. Let s be y(5). Calculate the greatest common factor of u and s.
11
Let r be 4 + 1/2*-4. Suppose -h - 245 = -q - 2*h, 0 = q + 3*h - 255. Suppose x - q = -r*x. Calculate the greatest common factor of 20 and x.
20
Suppose -7*o + 29 = -6. Let i(q) = -11*q. Let y = -12 + 7. Let l be i(y). Calculate the highest common divisor of l and o.
5
Let r(p) = -p**3 - 11*p**2 - 3*p - 13. Let x be r(-11). Let a = x - -55. What is the highest common divisor of 30 and a?
15
Let z(s) = s**2 + s. Let o be 1/2 + 21/(-6). Let t be z(o). Calculate the greatest common divisor of 24 and t.
6
Let n(r) = -7 - r**3 - 2*r - 8 + 0*r + 0*r**2 - 10*r**2. Let a be n(-10). Suppose a*d - 174 = 6. Calculate the highest common factor of 6 and d.
6
Let y(u) = 10*u - 12. Let b be y(30). Calculate the greatest common factor of 18 and b.
18
Suppose -4*f = 12, 6*f + 141 = 2*x + 3*f. Calculate the highest common factor of 99 and x.
33
Suppose 0 = -17*a + 12*a + 425. What is the greatest common divisor of 51 and a?
17
Let m(s) = 9*s**2 - 3*s + 5*s + 3*s + 1 - 4*s. Let i be m(-1). Let q = i - 0. What is the greatest common factor of q and 1?
1
Let n = 6 - 24. Let w = n + 42. Let p(z) = -2*z**3 + z**2 + z + 1. Let l be p(-1). Calculate the highest common divisor of w and l.
3
Let a(z) = 15*z**2 - 3. Let v be a(-2). Calculate the highest common divisor of 19 and v.
19
Let q(k) = -2*k**3 - 2*k**2. Let d be q(-2). What is the highest common divisor of 12 and d?
4
Suppose -n + 4*y - 29 = -4*n, 0 = 3*n + 3*y - 33. What is the greatest common factor of 30 and n?
15
Suppose -a = -3*j + a + 76, 3*j = 5*a + 82. Suppose 0 = 12*k - 10*k - 12. What is the greatest common factor of k and j?
6
Let v be (1/3)/(1/222). Let a = v + -50. Suppose 3*q - 4*s = 36, -4*s + 5*s = -2*q + a. Calculate the greatest common divisor of 6 and q.
6
Suppose -4*c = -2*c - 2. Suppose f - c = 3. Calculate the greatest common factor of 2 and f.
2
Let z(a) = -a + 11. Let p be z(4). Calculate the highest common factor of p and 7.
7
Suppose -1 = -a + 2. Let n be 20/a*27/6. Suppose -26 - 6 = -3*q - k, 5*q - 44 = 3*k. What is the highest common factor of q and n?
10
Suppose 0 = 2*t + 2*k - 4 - 2, 2*t + 6 = 4*k. Calculate the greatest common divisor of t and 13.
1
Suppose 0*b + 36 = 2*b. Let n be 4/18 + 392/b. What is the highest common factor of n and 110?
22
Let l = 12 + 7. Let m = l + 11. Calculate the greatest common divisor of m and 150.
30
Let s(k) = -k + 2 + 0*k**2 - 6*k**2 + 2*k**2. Let q be s(-6). Let o be (-6)/(-15) + q/(-10). Calculate the highest common divisor of o and 14.
14
Let v(q) = q**2 - 6*q - 9. Let t be v(7). Let g(j) = -9*j - 5. Let f be g(t). Calculate the highest common divisor of 26 and f.
13
Suppose k - 45 = -13. Suppose -61 = -5*j - 1. Let d be ((-18)/j)/(6/(-16)). Calculate the highest common factor of d and k.
4
Let f = -1 + 1. Suppose f*i = -2*i + 32. Suppose 3*s - 1 = -o, -s + 4*s = -3. What is the greatest common factor of o and i?
4
Let o be 26 + (6/3)/2. Suppose -o = -r - 3*x, 5*r + 0*x = -x + 135. What is the greatest common factor of r and 9?
9
Let w = 168 + -144. Suppose -5*d + 45 + 15 = 0. What is the highest common divisor of d and w?
12
Let i be ((-5)/((-15)/(-12)))/(-2). Let g = 4 + -2. Suppose v - 17 = -3*c, i*v = 3*v - g*c - 7. Calculate the highest common divisor of v and 88.
11
Let y(n) = -n**3 - 15*n**2 - 16*n - 14. Let k be y(-14). What is the greatest common factor of k and 56?
14
Let d(i) = i**2 - 8*i - 6. Let g(t) = -3*t + 2. Let u be g(-2). Let f be d(u). Let v be f/(-2)*(-34)/(-6). What is the highest common factor of 136 and v?
17
Let p be (-315)/(-3) - (1 - 1). Suppose 0 = -3*x - 4*n - 6, 0*x - n = 2*x - 1. Suppose 21 + 21 = x*m. What is the highest common factor of m and p?
21
Let x(q) = 72*q**2. Let m be x(1). Let i = -50 + m. Su